{"id":256,"date":"2025-05-15T12:17:38","date_gmt":"2025-05-15T12:17:38","guid":{"rendered":"https:\/\/animazionedesign.it\/rtd\/?page_id=256"},"modified":"2025-05-16T07:47:04","modified_gmt":"2025-05-16T07:47:04","slug":"le-persone","status":"publish","type":"page","link":"https:\/\/animazionedesign.it\/rtd\/le-persone\/","title":{"rendered":"Le Persone"},"content":{"rendered":"\n<div style=\"height:100px\" aria-hidden=\"true\" class=\"wp-block-spacer\"><\/div>\n\n\n\n<h2 class=\"wp-block-heading\">il Network<\/h2>\n\n\n\n<h4 class=\"wp-block-heading\">Un ruolo importante \u00e8 giocato nel progetto \u00e8 svolto da un panel di esperti, docenti e ricercatori attivi nell\u2019insegnamento di storia del design in diversi atenei italiani che, in collaborazione con il nostro gruppo di lavoro contribuiscono come una sorta di comitato scientifico\/editoriale del progetto. <br>Ai nostri \u2018esperti\u2019 abbiamo chiesto di contribuire alla stesura dei soggetti alla base di ognuno degli episodi della nostra \u2018serie\u2019, la base da cui il gruppo di lavoro e di ricerca del laboratorio animazionedesign del DADU, sta sviluppando gli artefatti audiovisivi al centro del progetto. <br>Questi, in combinazione con sintetiche raccolte antologiche di contributi in vari formati \u2013 brani di testo, articoli e paper scientifici, contributi video, interviste ecc. \u2013 costituiscono, la base dati transemediale del progetto formativo sperimentale. <br><br>Fanno parte del panel: <br><em>Elena Fava<\/em>, Ricercatrice e Docente di Storia della Moda presso l\u2019Universit\u00e0 IUAV, Venezia. <br><em>Carlo Vinti<\/em>, Professore Associato in Design, Universit\u00e0 di Camerino. <br><em>Cecilia Rostagni<\/em>, Professore Associato in Storia dell\u2019Architettura, Univ. Sassari. <br><em>Alberto Bassi<\/em>, Ordinario in Design Universit\u00e0 IUAV, Venezia. <br><em>Pierpaolo Peruccio<\/em>, Ordinario in Design Politecnico di Torino. <\/h4>\n\n\n\n<div style=\"height:50px\" aria-hidden=\"true\" class=\"wp-block-spacer\"><\/div>\n\n\n\n<h2 class=\"wp-block-heading\">il Team di Sviluppo<\/h2>\n\n\n\n<h4 class=\"wp-block-heading\">La ricerca, che come \u00e8 ormai tradizione nel nostro approccio, ha un carattere pratico e spiccatamente operativo. Per raggiungere risultati di qualit\u00e0, anche sul piano della fruibilit\u00e0, serve appoggiarsi a una squadra affiatata.<br><br>Per questa ragione, fanno parte del gruppo di lavoro, oltre a Nicol\u00f2 Ceccarelli, Professore Ordinario in Design, Ilaria Mundula, Paola Dore (candidata PhD presso il DADU), Viola Orgiano, Massimiliano Pinna e Corrado Podda (borsisti di studio DADU).<\/h4>\n\n\n\n<div style=\"height:50px\" aria-hidden=\"true\" class=\"wp-block-spacer\"><\/div>\n","protected":false},"excerpt":{"rendered":"<p>il Network Un ruolo importante \u00e8 giocato nel progetto \u00e8 svolto da un panel di esperti, docenti e ricercatori attivi nell\u2019insegnamento di storia del design in diversi atenei italiani che, in collaborazione con il nostro gruppo di lavoro contribuiscono come una sorta di comitato scientifico\/editoriale del progetto. Ai nostri \u2018esperti\u2019 abbiamo chiesto di contribuire alla [&hellip;]<\/p>\n","protected":false},"author":1,"featured_media":0,"parent":0,"menu_order":0,"comment_status":"closed","ping_status":"closed","template":"","meta":{"footnotes":""},"class_list":["post-256","page","type-page","status-publish","hentry"],"_links":{"self":[{"href":"https:\/\/animazionedesign.it\/rtd\/wp-json\/wp\/v2\/pages\/256","targetHints":{"allow":["GET"]}}],"collection":[{"href":"https:\/\/animazionedesign.it\/rtd\/wp-json\/wp\/v2\/pages"}],"about":[{"href":"https:\/\/animazionedesign.it\/rtd\/wp-json\/wp\/v2\/types\/page"}],"author":[{"embeddable":true,"href":"https:\/\/animazionedesign.it\/rtd\/wp-json\/wp\/v2\/users\/1"}],"replies":[{"embeddable":true,"href":"https:\/\/animazionedesign.it\/rtd\/wp-json\/wp\/v2\/comments?post=256"}],"version-history":[{"count":5,"href":"https:\/\/animazionedesign.it\/rtd\/wp-json\/wp\/v2\/pages\/256\/revisions"}],"predecessor-version":[{"id":271,"href":"https:\/\/animazionedesign.it\/rtd\/wp-json\/wp\/v2\/pages\/256\/revisions\/271"}],"wp:attachment":[{"href":"https:\/\/animazionedesign.it\/rtd\/wp-json\/wp\/v2\/media?parent=256"}],"curies":[{"name":"wp","href":"https:\/\/api.w.org\/{rel}","templated":true}]}}

<div style="height:100px" aria-hidden="true" class="wp-block-spacer"></div>



<h2 class="wp-block-heading">il Network</h2>



<h4 class="wp-block-heading">Un ruolo importante è giocato nel progetto è svolto da un panel di esperti, docenti e ricercatori attivi nell’insegnamento di storia del design in diversi atenei italiani che, in collaborazione con il nostro gruppo di lavoro contribuiscono come una sorta di comitato scientifico/editoriale del progetto. <br>Ai nostri ‘esperti’ abbiamo chiesto di contribuire alla stesura dei soggetti alla base di ognuno degli episodi della nostra ‘serie’, la base da cui il gruppo di lavoro e di ricerca del laboratorio animazionedesign del DADU, sta sviluppando gli artefatti audiovisivi al centro del progetto. <br>Questi, in combinazione con sintetiche raccolte antologiche di contributi in vari formati – brani di testo, articoli e paper scientifici, contributi video, interviste ecc. – costituiscono, la base dati transemediale del progetto formativo sperimentale. <br><br>Fanno parte del panel: <br><em>Elena Fava</em>, Ricercatrice e Docente di Storia della Moda presso l’Università IUAV, Venezia. <br><em>Carlo Vinti</em>, Professore Associato in Design, Università di Camerino. <br><em>Cecilia Rostagni</em>, Professore Associato in Storia dell’Architettura, Univ. Sassari. <br><em>Alberto Bassi</em>, Ordinario in Design Università IUAV, Venezia. <br><em>Pierpaolo Peruccio</em>, Ordinario in Design Politecnico di Torino. </h4>



<div style="height:50px" aria-hidden="true" class="wp-block-spacer"></div>



<h2 class="wp-block-heading">il Team di Sviluppo</h2>



<h4 class="wp-block-heading">La ricerca, che come è ormai tradizione nel nostro approccio, ha un carattere pratico e spiccatamente operativo. Per raggiungere risultati di qualità, anche sul piano della fruibilità, serve appoggiarsi a una squadra affiatata.<br><br>Per questa ragione, fanno parte del gruppo di lavoro, oltre a Nicolò Ceccarelli, Professore Ordinario in Design, Ilaria Mundula, Paola Dore (candidata PhD presso il DADU), Viola Orgiano, Massimiliano Pinna e Corrado Podda (borsisti di studio DADU).</h4>



<div style="height:50px" aria-hidden="true" class="wp-block-spacer"></div>

<p>il Network Un ruolo importante è giocato nel progetto è svolto da un panel di esperti, docenti e ricercatori attivi nell’insegnamento di storia del design in diversi atenei italiani che, in collaborazione con il nostro gruppo di lavoro contribuiscono come una sorta di comitato scientifico/editoriale del progetto. Ai nostri ‘esperti’ abbiamo chiesto di contribuire alla [&hellip;]</p>
